 = -3*a + 39. What is m(13)?
0
Let u(w) = 2*w**2 - 213*w - 5815. Give u(129).
-10
Let w(t) = -4*t**2 + 2*t + 205. Determine w(9).
-101
Let v(g) = -4*g**2 + 270*g - 4189. What is v(24)?
-13
Let l(m) = -m**3 - 9*m**2 - 2*m + 38. Determine l(0).
38
Let n(h) = 13*h - 32. Calculate n(-23).
-331
Let f(u) = 19*u - 78. Give f(-6).
-192
Let j(m) = m**3 - 13*m**2 - 18*m + 84. Give j(14).
28
Let w(t) = -t**3 + 218*t**2 + 1350*t - 1356. Calculate w(224).
-12
Let r(n) = -n**2 - 235*n - 920. Determine r(-4).
4
Let i(o) = 4*o**3 + 31*o**2 + 21*o - 5. Give i(-7).
-5
Let f(t) = t**3 + 175*t**2 + 173*t - 176. Give f(-174).
-2
Let g(i) = -i**3 - 13*i**2 + 45*i - 6. Give g(-15).
-231
Let j(i) = i**3 + 64*i**2 + 301*i + 358. Determine j(-59).
4
Let v(a) = 3*a**2 - 76*a + 192. What is v(22)?
-28
Let p(v) = -132*v - 8443. What is p(-64)?
5
Let w(h) = h**3 + 3*h**2 + 32*h + 80. What is w(-4)?
-64
Let x(l) = -62*l**2 - 1117*l - 21. What is x(-18)?
-3
Let i(g) = g + 44. Give i(13).
57
Let o(l) = -8*l**3 - 56*l**2 + 18. Give o(-7).
18
Let t(a) = 29*a + 334. Calculate t(-12).
-14
Let l(n) = n**3 - n**2 + 4*n + 24. Give l(0).
24
Let j(v) = -v**3 - 42*v**2 - 30*v - 1273. What is j(-42)?
-13
Let j(x) = x**3 + 5*x**2 + 17*x + 50. Determine j(-6).
-88
Let u(v) = -v**3 - 3*v**2 - 104*v + 350. What is u(3)?
-16
Let s(h) = -h**3 + 17*h**2 - 3*h + 44. Give s(17).
-7
Let p(s) = -s**3 - 11*s**2 - 3*s + 1. Determine p(-8).
-167
Let q(s) = 10*s + 31. Calculate q(12).
151
Let w(x) = 69*x**2 + 148*x + 23. What is w(-2)?
3
Let i(p) = -p**2 + 47*p - 3. What is i(0)?
-3
Let h(c) = -2*c**3 + 2*c**2 + 61*c + 84. What is h(-4)?
0
Let m(c) = -387*c - 1518. What is m(-4)?
30
Let m(q) = -27*q**2 + 721*q + 74. Give m(27).
-142
Let g(o) = 403*o + 404. Determine g(-1).
1
Let a(c) = 339*c - 7112. Give a(21).
7
Let n(f) = f**2 + 57*f - 39. What is n(-58)?
19
Let k(l) = -3*l**3 - 16*l**2 + 48*l - 1. Give k(2).
7
Let t(o) = 4*o**3 - 4*o**2 - 53*o + 51. Give t(1).
-2
Let z(p) = 8*p**2 - 2*p + 4. Calculate z(1).
10
Let i(h) = h**3 + 18*h**2 + 19. Give i(-17).
308
Let h(g) = 2*g**2 + 250*g - 4833. What is h(17)?
-5
Let v(p) = -p**2 + 2*p + 117. What is v(-10)?
-3
Let a(q) = -2*q**2 - 7*q + 6. What is a(-6)?
-24
Let h(y) = -8*y**2 - 123*y - 54. What is h(-14)?
100
Let d(k) = 34*k + 3. Calculate d(-2).
-65
Let q(z) = -2*z + 357. Calculate q(19).
319
Let f(t) = 57*t + 4616. Determine f(-81).
-1
Let u(a) = 3*a**3 - 9*a**2 + 3*a + 5. Give u(1).
2
Let z(v) = -3*v**3 + 95*v**2 + 55*v - 102. Give z(32).
634
Let z(d) = 2665*d + 31968. Give z(-12).
-12
Let i(r) = -2208*r - 8822. Determine i(-4).
10
Let a(o) = 410*o - 74612. Determine a(182).
8
Let d(r) = -5002*r + 205081. Calculate d(41).
-1
Let f(b) = -b**2 + 101*b - 664. What is f(7)?
-6
Let u(j) = 3*j**3 - 21*j**2 - 19*j - 27. Calculate u(8).
13
Let x(d) = -14*d + 81. What is x(24)?
-255
Let u(l) = -75*l - 867. Calculate u(-7).
-342
Let c(q) = q**3 + 69*q**2 + 262*q + 134. What is c(-65)?
4
Let y(q) = q**3 - 3*q + 125. Calculate y(0).
125
Let i(g) = -131*g - 578. Calculate i(-4).
-54
Let j(b) = 70*b - 858. What is j(4)?
-578
Let u(y) = -y**3 + 25*y**2 - 157*y + 11. Calculate u(13).
-2
Let w(g) = 6*g**2 + 248*g - 222. Give w(-42).
-54
Let o(t) = 86*t**3 - t**2 + 2*t + 4. What is o(-1)?
-85
Let f(y) = 11*y**2 + 431*y + 425. Give f(-1).
5
Let c(x) = 360*x - 1799. Give c(5).
1
Let w(y) = -170*y - 1341. Determine w(-8).
19
Let p(l) = l**3 - 32*l**2 + 102*l + 242. Give p(28).
-38
Let q(u) = 73*u + 421. Determine q(-5).
56
Let c(r) = -22*r**2 + 20*r + 1. Calculate c(1).
-1
Let a(m) = 110*m - 307. Calculate a(-2).
-527
Let c(t) = -2*t**3 - 33*t**2 + 167*t + 2548. Determine c(-17).
-2
Let p(c) = -24*c**2 + 5236*c - 912. What is p(218)?
-40
Let m(l) = -l**3 - 52*l**2 - 25. What is m(-52)?
-25
Let b(d) = 77*d**2 - 8*d + 2. What is b(1)?
71
Let n(f) = -38*f**2 + 11*f + 40. What is n(-4)?
-612
Let w(s) = 3*s**2 + 62*s - 125. Give w(2).
11
Let k(m) = -1206*m + 6025. Calculate k(5).
-5
Let i(z) = 5*z**3 - 196*z**2 + 1023*z - 1. What is i(33)?
-1
Let d(o) = 33*o - 1094. Calculate d(34).
28
Let k(u) = 5*u**3 - 33*u**2 + 10*u + 63. What is k(6)?
15
Let c(t) = 11261*t - 11252. Calculate c(1).
9
Let i(n) = 64*n - 1216. Calculate i(19).
0
Let t(j) = j**3 + 27*j**2 + 55*j + 13. Calculate t(-25).
-112
Let u(b) = -20*b**2 + 100*b - 101. What is u(1)?
-21
Let p(f) = -2*f**2 + 2*f - 53. Determine p(17).
-597
Let k(f) = 4*f**2 + 10*f - 276. Determine k(-12).
180
Let h(q) = -266*q - 2949. What is h(-11)?
-23
Let c(g) = -g**2 + 12*g - 30. Determine c(17).
-115
Let y(x) = 82*x + 4. Calculate y(0).
4
Let x(h) = h**3 - 54*h**2 + 531*h + 71. Give x(41).
-11
Let r(y) = 674*y - 100. Calculate r(1).
574
Let i(b) = 416*b - 3735. Calculate i(9).
9
Let c(j) = -2*j**3 - 70*j**2 + 38*j + 1348. Give c(-35).
18
Let g(k) = -k**3 + 56*k**2 - 28*k + 1551. Determine g(56).
-17
Let b(c) = 3597*c - 176261. Determine b(49).
-8
Let w(h) = -277*h + 1855. Determine w(9).
-638
Let l(t) = -t**3 + 43*t**2 - 4*t + 2123. Give l(44).
11
Let b(n) = n**2 + 24*n - 317. Determine b(10).
23
Let m(u) = 29*u**2 - 1896*u + 713. Determine m(65).
-2
Let k(u) = u**2 - 66*u - 833. Give k(77).
14
Let g(n) = -n**2 - 44*n + 90. Give g(-48).
-102
Let m(l) = -l**2 + 22*l + 146. What is m(-7)?
-57
Let j(d) = -d**3 - 17*d**2 - 78*d - 153. Calculate j(-11).
-21
Let i(c) = -3*c**2 - 144*c - 1384. Give i(-14).
44
Let t(q) = 178*q**2 + 21718*q + 237. Determine t(-122).
-7
Let m(a) = -3*a**2 + 17*a + 9. What is m(6)?
3
Let h(p) = -43*p - 769. What is h(0)?
-769
Let x(n) = 3*n**2 + 132*n + 279. Determine x(-42).
27
Let p(u) = u**3 + 19*u**2 + 59*u + 55. Determine p(-10).
365
Let k(g) = g**3 + 11*g**2 - 84*g - 855. Calculate k(-12).
9
Let d(w) = 20*w**3 + 156*w + 158. Determine d(-1).
-18
Let q(y) = -13*y - 19. Determine q(7).
-110
Let a(f) = -1649*f - 19793. Determine a(-12).
-5
Let f(a) = -48*a + 1046. Determine f(24).
-106
Let m(t) = -2*t**3 + 8*t**2 - 20*t - 4. Give m(3).
-46
Let k(x) = -419*x + 322. Calculate k(1).
-97
Let z(w) = -2216*w - 13289. Give z(-6).
7
Let f(q) = -104*q**3 - 132*q**2 - 131*q + 2. Determine f(-1).
105
Let n(q) = 33*q + 689. Determine n(-24).
-103
Let i(u) = -2*u**3 - 89*u**2 - 38*u + 224. Give i(-44).
-40
Let q(n) = -1139*n - 19368. Calculate q(-17).
-5
Let s(r) = 305*r + 3014. Determine s(-10).
-36
Let l(v) = -v**3 - 6*v**2 - 2*v + 6. Give l(-2).
-6
Let f(y) = 1279*y - 38361. Calculate f(30).
9
Let p(a) = -61956*a + 61950. Determine p(1).
-6
Let v(h) = -18*h + 195. What is v(9)?
33
Let h(w) = -2*w**3 + 3*w**2 + 44*w - 29. Determine h(6).
-89
Let x(v) = v**3 + 4*v**2 - v - 16. Give x(2).
6
Let c(j) = -j**3 + 7*j**2 - 13*j + 19. Give c(4).
15
Let s(d) = -182*d - 61. Give s(-2).
303
Let g(c) = 21*c + 86. Calculate g(-8).
-82
Let z(x) = -8*x**2 - 295*x + 91. What is z(-37)?
54
Let w(o) = o**3 + 42*o**2 + 246*o - 14. Give w(-35).
-49
Let y(i) = 33*i + 161. Determine y(-7).
-70
Let k(g) = 23*g**2 + 34*g + 35. Give k(-1).
24
Let c(l) = l**2 - 70*l + 891. Give c(13).
150
Let l(s) = -35*s + 373. Calculate l(10).
23
Let s(f) = -4*f**2 + 174*f + 58. What is s(44)?
-30
Let k(p) = 176*p - 32569. Calculate k(185).
-9
Let p(b) = -b**3 + 61*b**2 + 28*b - 1756. What is p(61)?
-48
Let o(w) = -81*w**3 - 3*w**2 - 58*w - 56. What is o(-1)?
80
Let w(j) = 5*j**2 - 67*j + 19. What is w(15)?
139
Let d(i) = 4*i**2 - 70*i + 127. Determine d(17).
93
Let a(c) = 295*c**2 - 82304*c - 273. What is a(279)?
6
Let r(u) = 123*u**3 - 71*u**2 + 69*u + 2. Calculate r(1).
123
Let z(y) = y**3 + 13*y**2 - 6*y - 35. Determine z(-13).
43
Let w(p) = 84*p**3 - 3*p**2 - 113*p + 115. Calculate w(1).
83
Let f(m) = -m**2 - 1141*m + 30368. What is f(26)?
26
Let j(s) = s**2 - 573*s - 20643. Determine j(-34).
-5
Let z(k) = -2*k**3 - 2*k**2 - 252*k. Calculate z(0).
0
Let b(n) = 5*n**3 - 59*n**2 - 15*n + 37. Give b(12).
1
Let a(j) = 119*j - 472. Determine a(4).
4
Let g(o) = 2*o**3 - 6*o**2 - 4*o - 8. What is g(-4)?
-216
Let p(k) = 3*k**2 + 48*k - 198. Determine p(-20).
42
Let s(q) = q**3 + 37*q**2 + q - 42. Determine s(-37).
-79
Let c(z) = -2*z**2 - 3*z + 174. What is c(-10)?
4
Let z(c) = -c**2 + 48*c - 141. Give z(45).
-6
Let k(z) = -z**2 + 38*z - 37. Give k(36).
35
Let i(t) = -19*t - 62. What is i(2)?
-100
Let h(r) = 10*r**2 + 58*r - 4. Determine h(-6).
8
Let n(